[INFO] fetching crate ratelimit 0.7.1...
[INFO] testing ratelimit-0.7.1 against master#2fe50cd72c476ebacdedb14893e9632b4de961c2 for pr-116088-2
[INFO] extracting crate ratelimit 0.7.1 into /workspace/builds/worker-5-tc1/source
[INFO] validating manifest of crates.io crate ratelimit 0.7.1 on toolchain 2fe50cd72c476ebacdedb14893e9632b4de961c2
[INFO] running `Command { std: CARGO_HOME="/workspace/cargo-home" RUSTUP_HOME="/workspace/rustup-home" "/workspace/cargo-home/bin/cargo" "+2fe50cd72c476ebacdedb14893e9632b4de961c2" "metadata" "--manifest-path" "Cargo.toml" "--no-deps", kill_on_drop: false }`
[INFO] started tweaking crates.io crate ratelimit 0.7.1
[INFO] finished tweaking crates.io crate ratelimit 0.7.1
[INFO] tweaked toml for crates.io crate ratelimit 0.7.1 written to /workspace/builds/worker-5-tc1/source/Cargo.toml
[INFO] running `Command { std: CARGO_HOME="/workspace/cargo-home" RUSTUP_HOME="/workspace/rustup-home" "/workspace/cargo-home/bin/cargo" "+2fe50cd72c476ebacdedb14893e9632b4de961c2" "generate-lockfile" "--manifest-path" "Cargo.toml", kill_on_drop: false }`
[INFO] [stderr]     Updating crates.io index
[INFO] running `Command { std: CARGO_HOME="/workspace/cargo-home" RUSTUP_HOME="/workspace/rustup-home" "/workspace/cargo-home/bin/cargo" "+2fe50cd72c476ebacdedb14893e9632b4de961c2" "fetch" "--manifest-path" "Cargo.toml", kill_on_drop: false }`
[INFO] [stderr]  Downloading crates ...
[INFO] [stderr]   Downloaded time-macros v0.2.16
[INFO] [stderr]   Downloaded clocksource v0.6.0
[INFO] [stderr]   Downloaded mach v0.3.2
[INFO] running `Command { std: "docker" "create" "-v" "/var/lib/crater-agent-workspace/builds/worker-5-tc1/target:/opt/rustwide/target:rw,Z" "-v" "/var/lib/crater-agent-workspace/builds/worker-5-tc1/source:/opt/rustwide/workdir:ro,Z" "-v" "/var/lib/crater-agent-workspace/cargo-home:/opt/rustwide/cargo-home:ro,Z" "-v" "/var/lib/crater-agent-workspace/rustup-home:/opt/rustwide/rustup-home:ro,Z" "-e" "SOURCE_DIR=/opt/rustwide/workdir" "-e" "CARGO_TARGET_DIR=/opt/rustwide/target" "-e" "CARGO_HOME=/opt/rustwide/cargo-home" "-e" "RUSTUP_HOME=/opt/rustwide/rustup-home" "-w" "/opt/rustwide/workdir" "-m" "1610612736" "--user" "0:0" "--network" "none" "ghcr.io/rust-lang/crates-build-env/linux@sha256:2788e3201cd34a07e3172128adcd8b3090168a8e3bcc40d7c032b9dda1df7d1c" "/opt/rustwide/cargo-home/bin/cargo" "+2fe50cd72c476ebacdedb14893e9632b4de961c2" "metadata" "--no-deps" "--format-version=1", kill_on_drop: false }`
[INFO] [stdout] a1bb34b24272ff68813561c7652954f81c914db8eca9d3f66e667c998fe25369
[INFO] running `Command { std: "docker" "start" "-a" "a1bb34b24272ff68813561c7652954f81c914db8eca9d3f66e667c998fe25369", kill_on_drop: false }`
[INFO] running `Command { std: "docker" "inspect" "a1bb34b24272ff68813561c7652954f81c914db8eca9d3f66e667c998fe25369", kill_on_drop: false }`
[INFO] running `Command { std: "docker" "rm" "-f" "a1bb34b24272ff68813561c7652954f81c914db8eca9d3f66e667c998fe25369", kill_on_drop: false }`
[INFO] [stdout] a1bb34b24272ff68813561c7652954f81c914db8eca9d3f66e667c998fe25369
[INFO] running `Command { std: "docker" "create" "-v" "/var/lib/crater-agent-workspace/builds/worker-5-tc1/target:/opt/rustwide/target:rw,Z" "-v" "/var/lib/crater-agent-workspace/builds/worker-5-tc1/source:/opt/rustwide/workdir:ro,Z" "-v" "/var/lib/crater-agent-workspace/cargo-home:/opt/rustwide/cargo-home:ro,Z" "-v" "/var/lib/crater-agent-workspace/rustup-home:/opt/rustwide/rustup-home:ro,Z" "-e" "SOURCE_DIR=/opt/rustwide/workdir" "-e" "CARGO_TARGET_DIR=/opt/rustwide/target" "-e" "CARGO_INCREMENTAL=0" "-e" "RUST_BACKTRACE=full" "-e" "RUSTFLAGS=--cap-lints=forbid" "-e" "RUSTDOCFLAGS=--cap-lints=forbid" "-e" "CARGO_HOME=/opt/rustwide/cargo-home" "-e" "RUSTUP_HOME=/opt/rustwide/rustup-home" "-w" "/opt/rustwide/workdir" "-m" "1610612736" "--user" "0:0" "--network" "none" "ghcr.io/rust-lang/crates-build-env/linux@sha256:2788e3201cd34a07e3172128adcd8b3090168a8e3bcc40d7c032b9dda1df7d1c" "/opt/rustwide/cargo-home/bin/cargo" "+2fe50cd72c476ebacdedb14893e9632b4de961c2" "build" "--frozen" "--message-format=json", kill_on_drop: false }`
[INFO] [stdout] a139c0d6aca4daa1ef64b5b169c6309732e2976cb0606868ce6a899da5991baf
[INFO] running `Command { std: "docker" "start" "-a" "a139c0d6aca4daa1ef64b5b169c6309732e2976cb0606868ce6a899da5991baf", kill_on_drop: false }`
[INFO] [stderr]    Compiling proc-macro2 v1.0.71
[INFO] [stderr]    Compiling libc v0.2.151
[INFO] [stderr]    Compiling powerfmt v0.2.0
[INFO] [stderr]    Compiling parking_lot_core v0.9.9
[INFO] [stderr]    Compiling itoa v1.0.10
[INFO] [stderr]    Compiling smallvec v1.11.2
[INFO] [stderr]    Compiling time-core v0.1.2
[INFO] [stderr]    Compiling scopeguard v1.2.0
[INFO] [stderr]    Compiling thiserror v1.0.52
[INFO] [stderr]    Compiling lock_api v0.4.11
[INFO] [stderr]    Compiling deranged v0.3.10
[INFO] [stderr]    Compiling quote v1.0.33
[INFO] [stderr]    Compiling syn v2.0.43
[INFO] [stderr]    Compiling time v0.3.31
[INFO] [stderr]    Compiling parking_lot v0.12.1
[INFO] [stderr]    Compiling clocksource v0.6.0
[INFO] [stderr]    Compiling thiserror-impl v1.0.52
[INFO] [stderr]    Compiling ratelimit v0.7.1 (/opt/rustwide/workdir)
[INFO] [stderr]     Finished dev [unoptimized + debuginfo] target(s) in 6.11s
[INFO] running `Command { std: "docker" "inspect" "a139c0d6aca4daa1ef64b5b169c6309732e2976cb0606868ce6a899da5991baf", kill_on_drop: false }`
[INFO] running `Command { std: "docker" "rm" "-f" "a139c0d6aca4daa1ef64b5b169c6309732e2976cb0606868ce6a899da5991baf", kill_on_drop: false }`
[INFO] [stdout] a139c0d6aca4daa1ef64b5b169c6309732e2976cb0606868ce6a899da5991baf
[INFO] running `Command { std: "docker" "create" "-v" "/var/lib/crater-agent-workspace/builds/worker-5-tc1/target:/opt/rustwide/target:rw,Z" "-v" "/var/lib/crater-agent-workspace/builds/worker-5-tc1/source:/opt/rustwide/workdir:ro,Z" "-v" "/var/lib/crater-agent-workspace/cargo-home:/opt/rustwide/cargo-home:ro,Z" "-v" "/var/lib/crater-agent-workspace/rustup-home:/opt/rustwide/rustup-home:ro,Z" "-e" "SOURCE_DIR=/opt/rustwide/workdir" "-e" "CARGO_TARGET_DIR=/opt/rustwide/target" "-e" "CARGO_INCREMENTAL=0" "-e" "RUST_BACKTRACE=full" "-e" "RUSTFLAGS=--cap-lints=forbid" "-e" "RUSTDOCFLAGS=--cap-lints=forbid" "-e" "CARGO_HOME=/opt/rustwide/cargo-home" "-e" "RUSTUP_HOME=/opt/rustwide/rustup-home" "-w" "/opt/rustwide/workdir" "-m" "1610612736" "--user" "0:0" "--network" "none" "ghcr.io/rust-lang/crates-build-env/linux@sha256:2788e3201cd34a07e3172128adcd8b3090168a8e3bcc40d7c032b9dda1df7d1c" "/opt/rustwide/cargo-home/bin/cargo" "+2fe50cd72c476ebacdedb14893e9632b4de961c2" "test" "--frozen" "--no-run" "--message-format=json", kill_on_drop: false }`
[INFO] [stdout] 29c0aa5a6f1074492c9346b2d6dc94439176fd23c150549b1592cf9a140b8c06
[INFO] running `Command { std: "docker" "start" "-a" "29c0aa5a6f1074492c9346b2d6dc94439176fd23c150549b1592cf9a140b8c06", kill_on_drop: false }`
[INFO] [stderr]    Compiling ratelimit v0.7.1 (/opt/rustwide/workdir)
[INFO] [stderr]     Finished test [unoptimized + debuginfo] target(s) in 0.59s
[INFO] running `Command { std: "docker" "inspect" "29c0aa5a6f1074492c9346b2d6dc94439176fd23c150549b1592cf9a140b8c06", kill_on_drop: false }`
[INFO] running `Command { std: "docker" "rm" "-f" "29c0aa5a6f1074492c9346b2d6dc94439176fd23c150549b1592cf9a140b8c06", kill_on_drop: false }`
[INFO] [stdout] 29c0aa5a6f1074492c9346b2d6dc94439176fd23c150549b1592cf9a140b8c06
[INFO] running `Command { std: "docker" "create" "-v" "/var/lib/crater-agent-workspace/builds/worker-5-tc1/target:/opt/rustwide/target:rw,Z" "-v" "/var/lib/crater-agent-workspace/builds/worker-5-tc1/source:/opt/rustwide/workdir:ro,Z" "-v" "/var/lib/crater-agent-workspace/cargo-home:/opt/rustwide/cargo-home:ro,Z" "-v" "/var/lib/crater-agent-workspace/rustup-home:/opt/rustwide/rustup-home:ro,Z" "-e" "SOURCE_DIR=/opt/rustwide/workdir" "-e" "CARGO_TARGET_DIR=/opt/rustwide/target" "-e" "CARGO_INCREMENTAL=0" "-e" "RUST_BACKTRACE=full" "-e" "RUSTFLAGS=--cap-lints=forbid" "-e" "RUSTDOCFLAGS=--cap-lints=forbid" "-e" "CARGO_HOME=/opt/rustwide/cargo-home" "-e" "RUSTUP_HOME=/opt/rustwide/rustup-home" "-w" "/opt/rustwide/workdir" "-m" "1610612736" "--user" "0:0" "--network" "none" "ghcr.io/rust-lang/crates-build-env/linux@sha256:2788e3201cd34a07e3172128adcd8b3090168a8e3bcc40d7c032b9dda1df7d1c" "/opt/rustwide/cargo-home/bin/cargo" "+2fe50cd72c476ebacdedb14893e9632b4de961c2" "test" "--frozen", kill_on_drop: false }`
[INFO] [stdout] 81e603cd29a64c7e6ee9787c8345b85563a8b4133b5a8234009f39f6cf0d5bad
[INFO] running `Command { std: "docker" "start" "-a" "81e603cd29a64c7e6ee9787c8345b85563a8b4133b5a8234009f39f6cf0d5bad", kill_on_drop: false }`
[INFO] [stderr]     Finished test [unoptimized + debuginfo] target(s) in 0.03s
[INFO] [stderr]      Running unittests src/lib.rs (/opt/rustwide/target/debug/deps/ratelimit-9e090819769c101e)
[INFO] [stdout] 
[INFO] [stdout] running 4 tests
[INFO] [stdout] test tests::rate ... ok
[INFO] [stdout] test tests::idle ... ok
[INFO] [stdout] test tests::wait ... FAILED
[INFO] [stderr] error: test failed, to rerun pass `--lib`
[INFO] [stdout] test tests::capacity ... ok
[INFO] [stdout] 
[INFO] [stdout] failures:
[INFO] [stdout] 
[INFO] [stdout] ---- tests::wait stdout ----
[INFO] [stdout] thread 'tests::wait' panicked at src/lib.rs:458:9:
[INFO] [stdout] assertion failed: count >= 800
[INFO] [stdout] stack backtrace:
[INFO] [stdout]    0:     0x55d6c12894b6 - std::backtrace_rs::backtrace::libunwind::trace::hd7a456af414d63de
[INFO] [stdout]                                at /rustc/2fe50cd72c476ebacdedb14893e9632b4de961c2/library/std/src/../../backtrace/src/backtrace/libunwind.rs:104:5
[INFO] [stdout]    1:     0x55d6c12894b6 - std::backtrace_rs::backtrace::trace_unsynchronized::h64867240ea973bd5
[INFO] [stdout]                                at /rustc/2fe50cd72c476ebacdedb14893e9632b4de961c2/library/std/src/../../backtrace/src/backtrace/mod.rs:66:5
[INFO] [stdout]    2:     0x55d6c12894b6 - std::sys_common::backtrace::_print_fmt::h2808b222ea4d26d0
[INFO] [stdout]                                at /rustc/2fe50cd72c476ebacdedb14893e9632b4de961c2/library/std/src/sys_common/backtrace.rs:68:5
[INFO] [stdout]    3:     0x55d6c12894b6 - <std::sys_common::backtrace::_print::DisplayBacktrace as core::fmt::Display>::fmt::h03f74bc036e21c80
[INFO] [stdout]                                at /rustc/2fe50cd72c476ebacdedb14893e9632b4de961c2/library/std/src/sys_common/backtrace.rs:44:22
[INFO] [stdout]    4:     0x55d6c12b23e0 - core::fmt::rt::Argument::fmt::h8121cad32ccb67f1
[INFO] [stdout]                                at /rustc/2fe50cd72c476ebacdedb14893e9632b4de961c2/library/core/src/fmt/rt.rs:142:9
[INFO] [stdout]    5:     0x55d6c12b23e0 - core::fmt::write::hba6738a49cae548f
[INFO] [stdout]                                at /rustc/2fe50cd72c476ebacdedb14893e9632b4de961c2/library/core/src/fmt/mod.rs:1120:17
[INFO] [stdout]    6:     0x55d6c128704f - std::io::Write::write_fmt::h998dc49ddc9bbda8
[INFO] [stdout]                                at /rustc/2fe50cd72c476ebacdedb14893e9632b4de961c2/library/std/src/io/mod.rs:1810:15
[INFO] [stdout]    7:     0x55d6c1289294 - std::sys_common::backtrace::_print::h12e2732351687df5
[INFO] [stdout]                                at /rustc/2fe50cd72c476ebacdedb14893e9632b4de961c2/library/std/src/sys_common/backtrace.rs:47:5
[INFO] [stdout]    8:     0x55d6c1289294 - std::sys_common::backtrace::print::h3977ff4fa70d37c3
[INFO] [stdout]                                at /rustc/2fe50cd72c476ebacdedb14893e9632b4de961c2/library/std/src/sys_common/backtrace.rs:34:9
[INFO] [stdout]    9:     0x55d6c128b007 - std::panicking::default_hook::{{closure}}::h3649b42de801f190
[INFO] [stdout]   10:     0x55d6c128aced - std::panicking::default_hook::h3fb7ccab350417f5
[INFO] [stdout]                                at /rustc/2fe50cd72c476ebacdedb14893e9632b4de961c2/library/std/src/panicking.rs:289:9
[INFO] [stdout]   11:     0x55d6c124b837 - <alloc::boxed::Box<F,A> as core::ops::function::Fn<Args>>::call::hcac2ee49c7d5205e
[INFO] [stdout]                                at /rustc/2fe50cd72c476ebacdedb14893e9632b4de961c2/library/alloc/src/boxed.rs:2029:9
[INFO] [stdout]   12:     0x55d6c124b837 - test::test_main::{{closure}}::ha6dc19c93a11f2d1
[INFO] [stdout]                                at /rustc/2fe50cd72c476ebacdedb14893e9632b4de961c2/library/test/src/lib.rs:138:21
[INFO] [stdout]   13:     0x55d6c128b626 - <alloc::boxed::Box<F,A> as core::ops::function::Fn<Args>>::call::h29b8e785b856bb23
[INFO] [stdout]                                at /rustc/2fe50cd72c476ebacdedb14893e9632b4de961c2/library/alloc/src/boxed.rs:2029:9
[INFO] [stdout]   14:     0x55d6c128b626 - std::panicking::rust_panic_with_hook::h5efc89ef996de810
[INFO] [stdout]                                at /rustc/2fe50cd72c476ebacdedb14893e9632b4de961c2/library/std/src/panicking.rs:783:13
[INFO] [stdout]   15:     0x55d6c128b339 - std::panicking::begin_panic_handler::{{closure}}::h6289f51ae1ae9efc
[INFO] [stdout]                                at /rustc/2fe50cd72c476ebacdedb14893e9632b4de961c2/library/std/src/panicking.rs:649:13
[INFO] [stdout]   16:     0x55d6c12899b6 - std::sys_common::backtrace::__rust_end_short_backtrace::h9f143e0a9d826e65
[INFO] [stdout]                                at /rustc/2fe50cd72c476ebacdedb14893e9632b4de961c2/library/std/src/sys_common/backtrace.rs:171:18
[INFO] [stdout]   17:     0x55d6c128b0d0 - rust_begin_unwind
[INFO] [stdout]                                at /rustc/2fe50cd72c476ebacdedb14893e9632b4de961c2/library/std/src/panicking.rs:645:5
[INFO] [stdout]   18:     0x55d6c1213cd5 - core::panicking::panic_fmt::h5b9d04f36fd68862
[INFO] [stdout]                                at /rustc/2fe50cd72c476ebacdedb14893e9632b4de961c2/library/core/src/panicking.rs:72:14
[INFO] [stdout]   19:     0x55d6c1213d93 - core::panicking::panic::h91919f6cc3a65429
[INFO] [stdout]                                at /rustc/2fe50cd72c476ebacdedb14893e9632b4de961c2/library/core/src/panicking.rs:144:5
[INFO] [stdout]   20:     0x55d6c121696e - ratelimit::tests::wait::hb0ee04ac00955b45
[INFO] [stdout]                                at /opt/rustwide/workdir/src/lib.rs:458:9
[INFO] [stdout]   21:     0x55d6c1216807 - ratelimit::tests::wait::{{closure}}::h087417f3cda7b976
[INFO] [stdout]                                at /opt/rustwide/workdir/src/lib.rs:443:18
[INFO] [stdout]   22:     0x55d6c1214af6 - core::ops::function::FnOnce::call_once::h2a0f3647cf2f0653
[INFO] [stdout]                                at /rustc/2fe50cd72c476ebacdedb14893e9632b4de961c2/library/core/src/ops/function.rs:250:5
[INFO] [stdout]   23:     0x55d6c125103f - core::ops::function::FnOnce::call_once::h547df4cc4781c42c
[INFO] [stdout]                                at /rustc/2fe50cd72c476ebacdedb14893e9632b4de961c2/library/core/src/ops/function.rs:250:5
[INFO] [stdout]   24:     0x55d6c125103f - test::__rust_begin_short_backtrace::h0751f8da0df8afc9
[INFO] [stdout]                                at /rustc/2fe50cd72c476ebacdedb14893e9632b4de961c2/library/test/src/lib.rs:627:18
[INFO] [stdout]   25:     0x55d6c124fe91 - test::run_test_in_process::{{closure}}::h08b7e2b944f5d3bf
[INFO] [stdout]                                at /rustc/2fe50cd72c476ebacdedb14893e9632b4de961c2/library/test/src/lib.rs:650:60
[INFO] [stdout]   26:     0x55d6c124fe91 - <core::panic::unwind_safe::AssertUnwindSafe<F> as core::ops::function::FnOnce<()>>::call_once::h4eabe934da23f6d3
[INFO] [stdout]                                at /rustc/2fe50cd72c476ebacdedb14893e9632b4de961c2/library/core/src/panic/unwind_safe.rs:272:9
[INFO] [stdout]   27:     0x55d6c124fe91 - std::panicking::try::do_call::h8bce2a819a83d75f
[INFO] [stdout]                                at /rustc/2fe50cd72c476ebacdedb14893e9632b4de961c2/library/std/src/panicking.rs:552:40
[INFO] [stdout]   28:     0x55d6c124fe91 - std::panicking::try::h8d0ad43ca1e9dfe4
[INFO] [stdout]                                at /rustc/2fe50cd72c476ebacdedb14893e9632b4de961c2/library/std/src/panicking.rs:516:19
[INFO] [stdout]   29:     0x55d6c124fe91 - std::panic::catch_unwind::h80c407981483a27f
[INFO] [stdout]                                at /rustc/2fe50cd72c476ebacdedb14893e9632b4de961c2/library/std/src/panic.rs:142:14
[INFO] [stdout]   30:     0x55d6c124fe91 - test::run_test_in_process::h34f4f1cf26878dcc
[INFO] [stdout]                                at /rustc/2fe50cd72c476ebacdedb14893e9632b4de961c2/library/test/src/lib.rs:650:27
[INFO] [stdout]   31:     0x55d6c124fe91 - test::run_test::{{closure}}::hf98423759bd4e4de
[INFO] [stdout]                                at /rustc/2fe50cd72c476ebacdedb14893e9632b4de961c2/library/test/src/lib.rs:573:43
[INFO] [stdout]   32:     0x55d6c1217226 - test::run_test::{{closure}}::h31f9214a9865a468
[INFO] [stdout]                                at /rustc/2fe50cd72c476ebacdedb14893e9632b4de961c2/library/test/src/lib.rs:601:41
[INFO] [stdout]   33:     0x55d6c1217226 - std::sys_common::backtrace::__rust_begin_short_backtrace::h97eebf57e64e4a3e
[INFO] [stdout]                                at /rustc/2fe50cd72c476ebacdedb14893e9632b4de961c2/library/std/src/sys_common/backtrace.rs:155:18
[INFO] [stdout]   34:     0x55d6c121c327 - std::thread::Builder::spawn_unchecked_::{{closure}}::{{closure}}::h10343cc6e645d5a7
[INFO] [stdout]                                at /rustc/2fe50cd72c476ebacdedb14893e9632b4de961c2/library/std/src/thread/mod.rs:529:17
[INFO] [stdout]   35:     0x55d6c121c327 - <core::panic::unwind_safe::AssertUnwindSafe<F> as core::ops::function::FnOnce<()>>::call_once::h7676f5746d51f304
[INFO] [stdout]                                at /rustc/2fe50cd72c476ebacdedb14893e9632b4de961c2/library/core/src/panic/unwind_safe.rs:272:9
[INFO] [stdout]   36:     0x55d6c121c327 - std::panicking::try::do_call::h76c69ddb47b6692d
[INFO] [stdout]                                at /rustc/2fe50cd72c476ebacdedb14893e9632b4de961c2/library/std/src/panicking.rs:552:40
[INFO] [stdout]   37:     0x55d6c121c327 - std::panicking::try::h231004126786543e
[INFO] [stdout]                                at /rustc/2fe50cd72c476ebacdedb14893e9632b4de961c2/library/std/src/panicking.rs:516:19
[INFO] [stdout]   38:     0x55d6c121c327 - std::panic::catch_unwind::h519133dc1360745e
[INFO] [stdout]                                at /rustc/2fe50cd72c476ebacdedb14893e9632b4de961c2/library/std/src/panic.rs:142:14
[INFO] [stdout]   39:     0x55d6c121c327 - std::thread::Builder::spawn_unchecked_::{{closure}}::h7c96b1538d88533f
[INFO] [stdout]                                at /rustc/2fe50cd72c476ebacdedb14893e9632b4de961c2/library/std/src/thread/mod.rs:528:30
[INFO] [stdout]   40:     0x55d6c121c327 - core::ops::function::FnOnce::call_once{{vtable.shim}}::h90e3a916fbad66da
[INFO] [stdout]                                at /rustc/2fe50cd72c476ebacdedb14893e9632b4de961c2/library/core/src/ops/function.rs:250:5
[INFO] [stdout]   41:     0x55d6c12900d5 - <alloc::boxed::Box<F,A> as core::ops::function::FnOnce<Args>>::call_once::h12c26c313019b755
[INFO] [stdout]                                at /rustc/2fe50cd72c476ebacdedb14893e9632b4de961c2/library/alloc/src/boxed.rs:2015:9
[INFO] [stdout]   42:     0x55d6c12900d5 - <alloc::boxed::Box<F,A> as core::ops::function::FnOnce<Args>>::call_once::h3a7c22937eaa10d1
[INFO] [stdout]                                at /rustc/2fe50cd72c476ebacdedb14893e9632b4de961c2/library/alloc/src/boxed.rs:2015:9
[INFO] [stdout]   43:     0x55d6c12900d5 - std::sys::unix::thread::Thread::new::thread_start::h1ce303acc71f2e7d
[INFO] [stdout]                                at /rustc/2fe50cd72c476ebacdedb14893e9632b4de961c2/library/std/src/sys/unix/thread.rs:108:17
[INFO] [stdout]   44:     0x7f29273a0ac3 - <unknown>
[INFO] [stdout]   45:     0x7f2927431bf4 - __clone
[INFO] [stdout]   46:                0x0 - <unknown>
[INFO] [stdout] 
[INFO] [stdout] 
[INFO] [stdout] failures:
[INFO] [stdout]     tests::wait
[INFO] [stdout] 
[INFO] [stdout] test result: FAILED. 3 passed; 1 failed; 0 ignored; 0 measured; 0 filtered out; finished in 0.12s
[INFO] [stdout] 
[INFO] running `Command { std: "docker" "inspect" "81e603cd29a64c7e6ee9787c8345b85563a8b4133b5a8234009f39f6cf0d5bad", kill_on_drop: false }`
[INFO] running `Command { std: "docker" "rm" "-f" "81e603cd29a64c7e6ee9787c8345b85563a8b4133b5a8234009f39f6cf0d5bad", kill_on_drop: false }`
[INFO] [stdout] 81e603cd29a64c7e6ee9787c8345b85563a8b4133b5a8234009f39f6cf0d5bad
